{"id":1317,"date":"2025-12-02T11:19:46","date_gmt":"2025-12-02T11:19:46","guid":{"rendered":"https:\/\/agenteinmobiliariolastra.com\/?page_id=1317"},"modified":"2025-12-03T11:57:01","modified_gmt":"2025-12-03T11:57:01","slug":"valorar-vivienda","status":"publish","type":"page","link":"https:\/\/agenteinmobiliariolastra.com\/index.php\/valorar-vivienda\/","title":{"rendered":"Valora tu inmueble"},"content":{"rendered":"\t\t<div data-elementor-type=\"wp-page\" data-elementor-id=\"1317\" class=\"elementor elementor-1317\">\n\t\t\t\t<div class=\"elementor-element elementor-element-0f8700a e-flex e-con-boxed e-con e-parent\" data-id=\"0f8700a\" data-element_type=\"container\">\n\t\t\t\t\t<div class=\"e-con-inner\">\n\t\t\t\t<div class=\"elementor-element elementor-element-4ad8a4d pp-contact-form-7-button-custom elementor-widget elementor-widget-pp-contact-form-7\" data-id=\"4ad8a4d\" data-element_type=\"widget\" data-widget_type=\"pp-contact-form-7.default\">\n\t\t\t\t\t\t\t\t\t<div class=\"pp-contact-form pp-contact-form-7 placeholder-show\">\n\t\t\t\t\t\t\t\t\t\t\n<div class=\"wpcf7 no-js\" id=\"wpcf7-f9-o1\" lang=\"en-US\" dir=\"ltr\" data-wpcf7-id=\"9\">\n<div class=\"screen-reader-response\"><p role=\"status\" aria-live=\"polite\" aria-atomic=\"true\"><\/p> <ul><\/ul><\/div>\n<form action=\"\/index.php\/wp-json\/wp\/v2\/pages\/1317#wpcf7-f9-o1\" method=\"post\" class=\"wpcf7-form init\" aria-label=\"Contact form\" novalidate=\"novalidate\" data-status=\"init\">\n<fieldset class=\"hidden-fields-container\"><input type=\"hidden\" name=\"_wpcf7\" value=\"9\" \/><input type=\"hidden\" name=\"_wpcf7_version\" value=\"6.1.4\" \/><input type=\"hidden\" name=\"_wpcf7_locale\" value=\"en_US\" \/><input type=\"hidden\" name=\"_wpcf7_unit_tag\" value=\"wpcf7-f9-o1\" \/><input type=\"hidden\" name=\"_wpcf7_container_post\" value=\"0\" \/><input type=\"hidden\" name=\"_wpcf7_posted_data_hash\" value=\"\" \/>\n<\/fieldset>\n<style>\n .form-row {\n margin-bottom: 18px;\n }\n .form-row label {\n display: block;\n font-weight: bold;\n margin-bottom: 6px;\n }\n .form-section {\n margin-top: 25px;\n margin-bottom: 20px;\n }\n<\/style>\n<div class=\"form-section\">\n\t<h2>Datos del Cliente\n\t<\/h2>\n\t<div class=\"form-row\">\n\t\t<p><label>Nombre<\/label><br \/>\n<span class=\"wpcf7-form-control-wrap\" data-name=\"nombre-cliente\"><input size=\"40\" maxlength=\"400\" class=\"wpcf7-form-control wpcf7-text\" aria-invalid=\"false\" value=\"\" type=\"text\" name=\"nombre-cliente\" \/><\/span>\n\t\t<\/p>\n\t<\/div>\n\t<div class=\"form-row\">\n\t\t<p><label>Tel\u00e9fono de contacto<\/label><br \/>\n<span class=\"wpcf7-form-control-wrap\" data-name=\"telefono\"><input size=\"40\" maxlength=\"400\" class=\"wpcf7-form-control wpcf7-tel wpcf7-text wpcf7-validates-as-tel\" aria-invalid=\"false\" value=\"\" type=\"tel\" name=\"telefono\" \/><\/span>\n\t\t<\/p>\n\t<\/div>\n\t<div class=\"form-row\">\n\t\t<p><label>Correo electr\u00f3nico<\/label><br \/>\n<span class=\"wpcf7-form-control-wrap\" data-name=\"correo\"><input size=\"40\" maxlength=\"400\" class=\"wpcf7-form-control wpcf7-email wpcf7-text wpcf7-validates-as-email\" aria-invalid=\"false\" value=\"\" type=\"email\" name=\"correo\" \/><\/span>\n\t\t<\/p>\n\t<\/div>\n<\/div>\n<div class=\"form-section\">\n\t<h2>Direcci\u00f3n del inmueble\n\t<\/h2>\n\t<div class=\"form-row\">\n\t\t<p><label>Calle<\/label><br \/>\n<span class=\"wpcf7-form-control-wrap\" data-name=\"calle\"><input size=\"40\" maxlength=\"400\" class=\"wpcf7-form-control wpcf7-text\" aria-invalid=\"false\" value=\"\" type=\"text\" name=\"calle\" \/><\/span>\n\t\t<\/p>\n\t<\/div>\n\t<div class=\"form-row\">\n\t\t<p><label>N\u00famero<\/label><br \/>\n<span class=\"wpcf7-form-control-wrap\" data-name=\"numero\"><input size=\"40\" maxlength=\"400\" class=\"wpcf7-form-control wpcf7-text\" aria-invalid=\"false\" value=\"\" type=\"text\" name=\"numero\" \/><\/span>\n\t\t<\/p>\n\t<\/div>\n\t<div class=\"form-row\">\n\t\t<p><label>C\u00f3digo Postal<\/label><br \/>\n<span class=\"wpcf7-form-control-wrap\" data-name=\"codigo-postal\"><input size=\"40\" maxlength=\"400\" class=\"wpcf7-form-control wpcf7-text\" aria-invalid=\"false\" value=\"\" type=\"text\" name=\"codigo-postal\" \/><\/span>\n\t\t<\/p>\n\t<\/div>\n\t<div class=\"form-row\">\n\t\t<p><label>Localidad<\/label><br \/>\n<span class=\"wpcf7-form-control-wrap\" data-name=\"localidad\"><input size=\"40\" maxlength=\"400\" class=\"wpcf7-form-control wpcf7-text\" aria-invalid=\"false\" value=\"\" type=\"text\" name=\"localidad\" \/><\/span>\n\t\t<\/p>\n\t<\/div>\n<\/div>\n<div class=\"form-section\">\n\t<h2>Tipo de inmueble\n\t<\/h2>\n\t<div class=\"form-row\">\n\t\t<p><label>\u00bfQue tipo de inmueble es?<\/label><br \/>\n<span class=\"wpcf7-form-control-wrap\" data-name=\"tipo-inmueble\"><select class=\"wpcf7-form-control wpcf7-select\" aria-invalid=\"false\" name=\"tipo-inmueble\"><option value=\"Casa\">Casa<\/option><option value=\"Piso\">Piso<\/option><option value=\"Edificio\">Edificio<\/option><option value=\"Terreno\">Terreno<\/option><\/select><\/span>\n\t\t<\/p>\n\t<\/div>\n\t<h3>Datos adicionales seg\u00fan tipo de inmueble\n\t<\/h3>\n\t<div class=\"form-row\">\n\t\t<p><label>Casa<\/label><br \/>\n<span class=\"wpcf7-form-control-wrap\" data-name=\"tipo-casa\"><select class=\"wpcf7-form-control wpcf7-select\" aria-invalid=\"false\" name=\"tipo-casa\"><option value=\"Independiente\">Independiente<\/option><option value=\"Pareada\">Pareada<\/option><option value=\"Adosada en esquina\">Adosada en esquina<\/option><option value=\"Adosada\">Adosada<\/option><\/select><\/span>\n\t\t<\/p>\n\t<\/div>\n\t<div class=\"form-row\">\n\t\t<p><label>Piso<\/label><br \/>\n<span class=\"wpcf7-form-control-wrap\" data-name=\"tipo-piso\"><select class=\"wpcf7-form-control wpcf7-select\" aria-invalid=\"false\" name=\"tipo-piso\"><option value=\"Piso\">Piso<\/option><option value=\"\u00c1tico\">\u00c1tico<\/option><option value=\"D\u00faplex\">D\u00faplex<\/option><option value=\"\u00c1tico d\u00faplex\">\u00c1tico d\u00faplex<\/option><\/select><\/span>\n\t\t<\/p>\n\t<\/div>\n\t<div class=\"form-row\">\n\t\t<p><label>Edificio<\/label><br \/>\n<span class=\"wpcf7-form-control-wrap\" data-name=\"tipo-edificio\"><select class=\"wpcf7-form-control wpcf7-select\" aria-invalid=\"false\" name=\"tipo-edificio\"><option value=\"Inmuebles comerciales y viviendas\">Inmuebles comerciales y viviendas<\/option><option value=\"Edificio comercial\">Edificio comercial<\/option><option value=\"Edificio residencial\">Edificio residencial<\/option><\/select><\/span>\n\t\t<\/p>\n\t<\/div>\n\t<div class=\"form-row\">\n\t\t<p><label>Terreno - \u00bfEs edificable?<\/label><br \/>\n<span class=\"wpcf7-form-control-wrap\" data-name=\"terreno-edificable\"><span class=\"wpcf7-form-control wpcf7-radio\"><span class=\"wpcf7-list-item first\"><label><input type=\"radio\" name=\"terreno-edificable\" value=\"S\u00ed\" \/><span class=\"wpcf7-list-item-label\">S\u00ed<\/span><\/label><\/span><span class=\"wpcf7-list-item last\"><label><input type=\"radio\" name=\"terreno-edificable\" value=\"No\" \/><span class=\"wpcf7-list-item-label\">No<\/span><\/label><\/span><\/span><\/span>\n\t\t<\/p>\n\t<\/div>\n<\/div>\n<div class=\"form-section\">\n\t<h2>Propiedad y caracter\u00edsticas adicionales\n\t<\/h2>\n\t<div class=\"form-row\">\n\t\t<p><label>\u00bfEs propietario del inmueble?<\/label><br \/>\n<span class=\"wpcf7-form-control-wrap\" data-name=\"propietario\"><span class=\"wpcf7-form-control wpcf7-radio\"><span class=\"wpcf7-list-item first\"><label><input type=\"radio\" name=\"propietario\" value=\"S\u00ed\" \/><span class=\"wpcf7-list-item-label\">S\u00ed<\/span><\/label><\/span><span class=\"wpcf7-list-item last\"><label><input type=\"radio\" name=\"propietario\" value=\"No\" \/><span class=\"wpcf7-list-item-label\">No<\/span><\/label><\/span><\/span><\/span>\n\t\t<\/p>\n\t<\/div>\n\t<div class=\"form-row\">\n\t\t<p><label>Detalles adicionales de la propiedad<\/label><br \/>\n<span class=\"wpcf7-form-control-wrap\" data-name=\"detalles-propiedad\"><span class=\"wpcf7-form-control wpcf7-checkbox\"><span class=\"wpcf7-list-item first\"><label><input type=\"checkbox\" name=\"detalles-propiedad[]\" value=\"Vista despejada\" \/><span class=\"wpcf7-list-item-label\">Vista despejada<\/span><\/label><\/span><span class=\"wpcf7-list-item\"><label><input type=\"checkbox\" name=\"detalles-propiedad[]\" value=\"Piscina\" \/><span class=\"wpcf7-list-item-label\">Piscina<\/span><\/label><\/span><span class=\"wpcf7-list-item\"><label><input type=\"checkbox\" name=\"detalles-propiedad[]\" value=\"Trastero\" \/><span class=\"wpcf7-list-item-label\">Trastero<\/span><\/label><\/span><span class=\"wpcf7-list-item\"><label><input type=\"checkbox\" name=\"detalles-propiedad[]\" value=\"Jard\u00edn\" \/><span class=\"wpcf7-list-item-label\">Jard\u00edn<\/span><\/label><\/span><span class=\"wpcf7-list-item last\"><label><input type=\"checkbox\" name=\"detalles-propiedad[]\" value=\"Ascensor\" \/><span class=\"wpcf7-list-item-label\">Ascensor<\/span><\/label><\/span><\/span><\/span>\n\t\t<\/p>\n\t<\/div>\n\t<div class=\"form-row\">\n\t\t<p><label>\u00bfLa vivienda es interior o exterior?<\/label><br \/>\n<span class=\"wpcf7-form-control-wrap\" data-name=\"interior-exterior\"><span class=\"wpcf7-form-control wpcf7-radio\"><span class=\"wpcf7-list-item first\"><label><input type=\"radio\" name=\"interior-exterior\" value=\"Interior\" \/><span class=\"wpcf7-list-item-label\">Interior<\/span><\/label><\/span><span class=\"wpcf7-list-item last\"><label><input type=\"radio\" name=\"interior-exterior\" value=\"Exterior\" \/><span class=\"wpcf7-list-item-label\">Exterior<\/span><\/label><\/span><\/span><\/span>\n\t\t<\/p>\n\t<\/div>\n\t<div class=\"form-row\">\n\t\t<p><label>\u00bfCu\u00e1ntas plantas posee el edificio?<\/label><br \/>\n<span class=\"wpcf7-form-control-wrap\" data-name=\"plantas-edificio\"><input class=\"wpcf7-form-control wpcf7-number wpcf7-validates-as-number\" min=\"0\" max=\"100\" aria-invalid=\"false\" value=\"\" type=\"number\" name=\"plantas-edificio\" \/><\/span>\n\t\t<\/p>\n\t<\/div>\n\t<div class=\"form-row\">\n\t\t<p><label>\u00bfEn qu\u00e9 planta se ubica el inmueble?<\/label><br \/>\n<span class=\"wpcf7-form-control-wrap\" data-name=\"planta-inmueble\"><input class=\"wpcf7-form-control wpcf7-number wpcf7-validates-as-number\" min=\"0\" max=\"100\" aria-invalid=\"false\" value=\"\" type=\"number\" name=\"planta-inmueble\" \/><\/span>\n\t\t<\/p>\n\t<\/div>\n\t<div class=\"form-row\">\n\t\t<p><label>Superficie construida (m\u00b2)<\/label><br \/>\n<span class=\"wpcf7-form-control-wrap\" data-name=\"superficie-construida\"><input class=\"wpcf7-form-control wpcf7-number wpcf7-validates-as-number\" min=\"0\" aria-invalid=\"false\" value=\"\" type=\"number\" name=\"superficie-construida\" \/><\/span>\n\t\t<\/p>\n\t<\/div>\n\t<div class=\"form-row\">\n\t\t<p><label>Superficie de terraza (m\u00b2)<\/label><br \/>\n<span class=\"wpcf7-form-control-wrap\" data-name=\"superficie-terraza\"><input class=\"wpcf7-form-control wpcf7-number wpcf7-validates-as-number\" min=\"0\" aria-invalid=\"false\" value=\"\" type=\"number\" name=\"superficie-terraza\" \/><\/span>\n\t\t<\/p>\n\t<\/div>\n\t<div class=\"form-row\">\n\t\t<p><label>Superficie total del terreno (m\u00b2)<\/label><br \/>\n<span class=\"wpcf7-form-control-wrap\" data-name=\"superficie-terreno\"><input class=\"wpcf7-form-control wpcf7-number wpcf7-validates-as-number\" min=\"0\" aria-invalid=\"false\" value=\"\" type=\"number\" name=\"superficie-terreno\" \/><\/span>\n\t\t<\/p>\n\t<\/div>\n\t<div class=\"form-row\">\n\t\t<p><label>A\u00f1o de construcci\u00f3n<\/label><br \/>\n<span class=\"wpcf7-form-control-wrap\" data-name=\"ano-construccion\"><input class=\"wpcf7-form-control wpcf7-number wpcf7-validates-as-number\" min=\"1800\" max=\"2050\" aria-invalid=\"false\" value=\"\" type=\"number\" name=\"ano-construccion\" \/><\/span>\n\t\t<\/p>\n\t<\/div>\n\t<div class=\"form-row\">\n\t\t<p><label>\u00bfEl inmueble fue renovado?<\/label><br \/>\n<span class=\"wpcf7-form-control-wrap\" data-name=\"renovado\"><span class=\"wpcf7-form-control wpcf7-radio\"><span class=\"wpcf7-list-item first\"><label><input type=\"radio\" name=\"renovado\" value=\"S\u00ed\" \/><span class=\"wpcf7-list-item-label\">S\u00ed<\/span><\/label><\/span><span class=\"wpcf7-list-item last\"><label><input type=\"radio\" name=\"renovado\" value=\"No\" \/><span class=\"wpcf7-list-item-label\">No<\/span><\/label><\/span><\/span><\/span>\n\t\t<\/p>\n\t<\/div>\n\t<div class=\"form-row\">\n\t\t<p><label>A\u00f1o de la renovaci\u00f3n (si aplica)<\/label><br \/>\n<span class=\"wpcf7-form-control-wrap\" data-name=\"ano-renovacion\"><input class=\"wpcf7-form-control wpcf7-number wpcf7-validates-as-number\" min=\"1800\" max=\"2050\" aria-invalid=\"false\" value=\"\" type=\"number\" name=\"ano-renovacion\" \/><\/span>\n\t\t<\/p>\n\t<\/div>\n<\/div>\n<div class=\"form-section\">\n\t<h2>Distribuci\u00f3n del inmueble\n\t<\/h2>\n\t<div class=\"form-row\">\n\t\t<p><label>Dormitorios<\/label><br \/>\n<span class=\"wpcf7-form-control-wrap\" data-name=\"dormitorios\"><input class=\"wpcf7-form-control wpcf7-number wpcf7-validates-as-number\" min=\"0\" max=\"20\" aria-invalid=\"false\" value=\"\" type=\"number\" name=\"dormitorios\" \/><\/span>\n\t\t<\/p>\n\t<\/div>\n\t<div class=\"form-row\">\n\t\t<p><label>Ba\u00f1os<\/label><br \/>\n<span class=\"wpcf7-form-control-wrap\" data-name=\"banos\"><input class=\"wpcf7-form-control wpcf7-number wpcf7-validates-as-number\" min=\"0\" max=\"20\" aria-invalid=\"false\" value=\"\" type=\"number\" name=\"banos\" \/><\/span>\n\t\t<\/p>\n\t<\/div>\n\t<div class=\"form-row\">\n\t\t<p><label>Plazas de garaje interior<\/label><br \/>\n<span class=\"wpcf7-form-control-wrap\" data-name=\"garaje-interior\"><input class=\"wpcf7-form-control wpcf7-number wpcf7-validates-as-number\" min=\"0\" max=\"20\" aria-invalid=\"false\" value=\"\" type=\"number\" name=\"garaje-interior\" \/><\/span>\n\t\t<\/p>\n\t<\/div>\n\t<div class=\"form-row\">\n\t\t<p><label>Plazas de garaje exterior<\/label><br \/>\n<span class=\"wpcf7-form-control-wrap\" data-name=\"garaje-exterior\"><input class=\"wpcf7-form-control wpcf7-number wpcf7-validates-as-number\" min=\"0\" max=\"20\" aria-invalid=\"false\" value=\"\" type=\"number\" name=\"garaje-exterior\" \/><\/span>\n\t\t<\/p>\n\t<\/div>\n<\/div>\n<div class=\"form-section\">\n\t<h2>Estado y situaci\u00f3n de venta\n\t<\/h2>\n\t<div class=\"form-row\">\n\t\t<p><label>Estado general del inmueble<\/label><br \/>\n<span class=\"wpcf7-form-control-wrap\" data-name=\"estado-general\"><select class=\"wpcf7-form-control wpcf7-select\" aria-invalid=\"false\" name=\"estado-general\"><option value=\"Excelente\">Excelente<\/option><option value=\"Bueno\">Bueno<\/option><option value=\"Regular\">Regular<\/option><option value=\"Malo\">Malo<\/option><option value=\"Ruina\">Ruina<\/option><\/select><\/span>\n\t\t<\/p>\n\t<\/div>\n\t<div class=\"form-row\">\n\t\t<p><label>\u00bfEst\u00e1 planeando vender su propiedad?<\/label><br \/>\n<span class=\"wpcf7-form-control-wrap\" data-name=\"venta\"><select class=\"wpcf7-form-control wpcf7-select\" aria-invalid=\"false\" name=\"venta\"><option value=\"S\u00ed, tan pronto como sea posible\">S\u00ed, tan pronto como sea posible<\/option><option value=\"S\u00ed, dentro de 6 meses\">S\u00ed, dentro de 6 meses<\/option><option value=\"S\u00ed, de uno a dos a\u00f1os o m\u00e1s\">S\u00ed, de uno a dos a\u00f1os o m\u00e1s<\/option><option value=\"S\u00ed, ya est\u00e1 en venta\">S\u00ed, ya est\u00e1 en venta<\/option><option value=\"No, no deseo vender\">No, no deseo vender<\/option><\/select><\/span>\n\t\t<\/p>\n\t<\/div>\n\t<div class=\"form-row\">\n\t\t<p><label>\u00bfEst\u00e1 abierto a recibir ofertas?<\/label><br \/>\n<span class=\"wpcf7-form-control-wrap\" data-name=\"ofertas\"><select class=\"wpcf7-form-control wpcf7-select\" aria-invalid=\"false\" name=\"ofertas\"><option value=\"No\">No<\/option><option value=\"Depende de la oferta\">Depende de la oferta<\/option><\/select><\/span>\n\t\t<\/p>\n\t<\/div>\n\t<div class=\"form-row\">\n\t\t<p><label>\u00bfQui\u00e9n vive actualmente en el inmueble?<\/label><br \/>\n<span class=\"wpcf7-form-control-wrap\" data-name=\"quien-vive\"><select class=\"wpcf7-form-control wpcf7-select\" aria-invalid=\"false\" name=\"quien-vive\"><option value=\"Propietario\">Propietario<\/option><option value=\"Inquilino\">Inquilino<\/option><option value=\"Nadie\">Nadie<\/option><\/select><\/span>\n\t\t<\/p>\n\t<\/div>\n\t<div class=\"form-row\">\n\t\t<p><label>\u00bfA qu\u00e9 precio le gustar\u00eda vender?<\/label><br \/>\n<span class=\"wpcf7-form-control-wrap\" data-name=\"precio-venta\"><input class=\"wpcf7-form-control wpcf7-number wpcf7-validates-as-number\" min=\"0\" aria-invalid=\"false\" value=\"\" type=\"number\" name=\"precio-venta\" \/><\/span>\n\t\t<\/p>\n\t<\/div>\n<\/div>\n<div class=\"form-row\" style=\"margin-top:30px;\">\n\t<p><input class=\"wpcf7-form-control wpcf7-submit has-spinner\" type=\"submit\" value=\"Valorar ahora\" \/>\n\t<\/p>\n<\/div><div class=\"wpcf7-response-output\" aria-hidden=\"true\"><\/div>\n<\/form>\n<\/div>\n\t\t\t\t<\/div>\n\t\t\t\t\t\t\t\t<\/div>\n\t\t\t\t\t<\/div>\n\t\t\t\t<\/div>\n\t\t\t\t<\/div>\n\t\t","protected":false},"excerpt":{"rendered":"<p>Datos del Cliente Nombre Tel\u00e9fono de contacto Correo electr\u00f3nico Direcci\u00f3n del inmueble Calle N\u00famero C\u00f3digo Postal Localidad Tipo de inmueble \u00bfQue tipo de inmueble es? CasaPisoEdificioTerreno Datos adicionales seg\u00fan tipo de inmueble Casa IndependientePareadaAdosada en esquinaAdosada Piso Piso\u00c1ticoD\u00faplex\u00c1tico d\u00faplex Edificio Inmuebles comerciales y viviendasEdificio comercialEdificio residencial Terreno &#8211; \u00bfEs edificable? S\u00edNo Propiedad y caracter\u00edsticas adicionales [&hellip;]<\/p>\n","protected":false},"author":2,"featured_media":0,"parent":0,"menu_order":0,"comment_status":"closed","ping_status":"closed","template":"","meta":{"_acf_changed":false,"footnotes":""},"class_list":["post-1317","page","type-page","status-publish","hentry"],"acf":[],"_links":{"self":[{"href":"https:\/\/agenteinmobiliariolastra.com\/index.php\/wp-json\/wp\/v2\/pages\/1317","targetHints":{"allow":["GET"]}}],"collection":[{"href":"https:\/\/agenteinmobiliariolastra.com\/index.php\/wp-json\/wp\/v2\/pages"}],"about":[{"href":"https:\/\/agenteinmobiliariolastra.com\/index.php\/wp-json\/wp\/v2\/types\/page"}],"author":[{"embeddable":true,"href":"https:\/\/agenteinmobiliariolastra.com\/index.php\/wp-json\/wp\/v2\/users\/2"}],"replies":[{"embeddable":true,"href":"https:\/\/agenteinmobiliariolastra.com\/index.php\/wp-json\/wp\/v2\/comments?post=1317"}],"version-history":[{"count":8,"href":"https:\/\/agenteinmobiliariolastra.com\/index.php\/wp-json\/wp\/v2\/pages\/1317\/revisions"}],"predecessor-version":[{"id":1347,"href":"https:\/\/agenteinmobiliariolastra.com\/index.php\/wp-json\/wp\/v2\/pages\/1317\/revisions\/1347"}],"wp:attachment":[{"href":"https:\/\/agenteinmobiliariolastra.com\/index.php\/wp-json\/wp\/v2\/media?parent=1317"}],"curies":[{"name":"wp","href":"https:\/\/api.w.org\/{rel}","templated":true}]}}